 0. What are the prime factors of d?
3
Suppose 4*w = 12, 4*r + 3*w - 100 = 45. Suppose -r = j - 109. What are the prime factors of (-5)/(j/12)*-10?
2
Let n(l) = 7 + 3*l - 4 + 3. Let u be n(7). Suppose -1 = i + 5*b, 2*b + u + 35 = 4*i. What are the prime factors of i?
2, 7
Let o = 11 - 7. Suppose -5*a - p = 88, -o*p + 8 = -0. Let l = -13 - a. List the prime factors of l.
5
Let p = 443 + -288. What are the prime factors of p?
5, 31
What are the prime factors of -2 - (-7)/3 - 358/(-6)?
2, 3, 5
List the prime factors of (-155)/(-9) + ((-80)/(-45))/(-8).
17
Let a(k) = -k**2 + 8*k - 1. Let z be 4/1*21/14. What are the prime factors of a(z)?
11
Suppose -h = -10 - 0. Let v = h + -5. What are the prime factors of v?
5
Let l = -19 + 32. Suppose 4*g - g - 3*r = 21, -3*g - 5*r = -l. Let a = -4 + g. List the prime factors of a.
2
Let l(q) be the first derivative of -q**2 + q + 1. Let f be l(-1). What are the prime factors of 5*f - (3 + -2)?
2, 7
Suppose -4*x + 18 + 1 = -n, -3*x - n + 16 = 0. Let w(d) = 5*d - 4. Let o be w(x). Suppose 3*m + 3*j = -0*m + o, 2*m + 14 = 5*j. What are the prime factors of m?
3
Suppose 5*k + 41 = a - 296, 2*k = 5*a - 1570. What are the prime factors of a?
2, 3, 13
Let y = 4 + -1. Let a = -17 - -17. Suppose a = -y*b + 50 - 2. List the prime factors of b.
2
Let q(i) = 8*i**3 - i**2 - i - 2. Let a be q(2). Suppose -2*x + 44 = -5*m, 3*x + m - 6*m = a. List the prime factors of x.
2, 3
Let n(c) = c**3 - 2*c**2 - c - 4. Let b be n(3). Let s = -17 + 15. Let g = b - s. List the prime factors of g.
2
Let z(g) = g**3 - 4*g**2 - 2*g - 14. What are the prime factors of z(6)?
2, 23
Suppose 4 = 2*j - j. Suppose 15 = -3*l, 5*l - 270 = -5*g + 3*l. Suppose -1 = z, -6*v + g = -2*v - j*z. List the prime factors of v.
13
Suppose 3*f - 110 = 325. What are the prime factors of f?
5, 29
Let m = -15 - -21. Let w(s) = s - 1. Let p be w(m). Let h(x) = x**2 - 4*x - 1. What are the prime factors of h(p)?
2
Suppose -2*p + 45 = -3*l - 3*p, 5*p = -5*l - 85. What are the prime factors of (-3)/2*l/7?
3
Suppose 4*y - 7*y = 21. Let n = y - -43. What are the prime factors of n?
2, 3
Let l be ((-6)/4)/(6/16). Let v be (-6)/(2 + 302/(-148)). List the prime factors of 1/l + v/16.
3
Suppose -12 = 4*f - 2*f. Let j be (-88)/f + (-4)/(-12). Let u = j + -6. What are the prime factors of u?
3
Let u(t) = t + 1. Let b be u(13). Suppose -3*z + z + b = 0. List the prime factors of z.
7
Suppose 3*r + 2*v - 5*v + 6 = 0, 0 = 5*r + v + 16. Let h be (12/(-2))/(r/4). Let y(c) = c**2 - 7*c - 3. What are the prime factors of y(h)?
5
Let y(l) = -l**3 - 5*l**2 + 6*l + 3. Let p be y(-6). Suppose -4*c = -3*v + 29, 2*c + 45 = 5*v - p*c. What are the prime factors of (-2 - v)*3/(-3)?
3
Let d(l) be the first derivative of 4*l**3/3 + 3*l**2/2 + 1. Let c be d(-3). Suppose 3*h = t + 33, 0*t + c = 3*h + t. What are the prime factors of h?
2, 5
Suppose f - 1 = 1. Suppose -2*w - f*w = -20. Let v = -2 + w. What are the prime factors of v?
3
Suppose 5*j + 3 = k, 2*j - 3*j - 9 = 4*k. Let y be (-20)/(-12) + k/3. Suppose 5*b - y - 24 = 0. What are the prime factors of b?
5
Suppose -r - 5*r = -354. List the prime factors of r.
59
Suppose -60 = -14*y + 12*y. List the prime factors of y.
2, 3, 5
Let s = -15 - -18. List the prime factors of (4/s)/((-6)/(-171)).
2, 19
Let n = 193 - 102. What are the prime factors of n?
7, 13
Let j(y) = 3*y - 5. Let s be j(11). Suppose -w = -5*w + s. List the prime factors of w.
7
Let i(z) = -z + 1. Let l be i(-2). Suppose -l*k = -7*k + 140. List the prime factors of k.
5, 7
Let r(y) be the third derivative of y**4/24 + y**3 + y**2. List the prime factors of r(0).
2, 3
Let r(k) = -6*k + 11. Let n(p) = 17*p - 33. Let a(h) = -4*n(h) - 11*r(h). Let x be a(9). List the prime factors of x/(7/(-12)) + 0.
2, 3
Let u = 299 + -181. List the prime factors of u.
2, 59
Let w(p) = 2*p**2 - 3*p - 11. What are the prime factors of w(5)?
2, 3
Let d = 52 - 0. List the prime factors of d.
2, 13
Let y = -43 + 66. Let f = y - 16. List the prime factors of f.
7
Let m be (-2 + 11)*48/(-9). Let r = -34 - m. What are the prime factors of r?
2, 7
Let j(m) = -m**2 - 4*m + 1. Let n be j(-3). Suppose f + 6*x - 3*x + 9 = 0, n*f + 2*x = 4. Suppose f*k - 3*b = k + 6, 5*b = 0. List the prime factors of k.
3
Suppose 4*f - 15 = 29. Suppose -2*b + y = 2*y - f, 0 = 2*b + 3*y - 1. What are the prime factors of b?
2
Suppose -k = 3*u, -4*k + 2*k - 2*u = 0. Let t(r) = k*r**2 + 2*r - 4 + 2*r - r**3 + 4*r**2. List the prime factors of t(4).
2, 3
Let m = 8 - -19. Let t = -38 + 53. Let p = m - t. List the prime factors of p.
2, 3
Let d(k) = -k**2 - 5*k + 2. Let h be d(-6). Let b = 6 - 0. Let j = h + b. List the prime factors of j.
2
Suppose 8 - 20 = 3*j + 3*n, 3*n = -4*j - 20. Let q = 3 - j. What are the prime factors of q?
11
Let b = 2 - 4. List the prime factors of -5*(b/5 - 0).
2
Suppose 2*k = 3*k - 3. Suppose -8*d + k*d = -200. Suppose -j + d = 3*j. What are the prime factors of j?
2, 5
Let m(i) = -i**3 + 9*i**2 + 3*i + 12. Let k(y) = y**3 - 8*y**2 - 3*y - 11. Let q(f) = 6*k(f) + 5*m(f). List the prime factors of q(5).
29
Let d be (40/(-14) - -2)*-7. Let g be ((-2)/d)/((-1)/33). Suppose 3*j - 4*a - 14 = a, 2*j - 5*a - g = 0. List the prime factors of j.
3
Let m(j) = j**3 + j**2 - j - 1. Let y(h) = -2*h**3 - 8*h**2 + 3*h + 9. Let t(w) = 3*m(w) + y(w). Suppose 0 = -3*x - 6 + 21. List the prime factors of t(x).
2, 3
Let h = 18 - 15. Suppose 2*k - 50 = -h*k. List the prime factors of k.
2, 5
Suppose -224 = -9*x - 53. List the prime factors of x.
19
Let f be ((-3)/2)/((-24)/32). List the prime factors of -3*(-4 + f + 1).
3
Suppose 0 = -w + x, -w + 4*w = -4*x - 35. Let b(z) = -2*z - 2. List the prime factors of b(w).
2
Let t(s) = 5*s - 2. Let x be (-10)/8*(3 + 1). Let g(f) = -f**3 - 5*f**2 - 2*f - 6. Let c be g(x). What are the prime factors of t(c)?
2, 3
Let w = -52 + 31. Let q(i) = 2*i**2 - 11*i - 1. Let v be q(8). Let f = v + w. List the prime factors of f.
2, 3
Let w(r) = r**3 - 7*r**2 - 7*r + 4. Suppose 4*o - 24 = -0*o. Suppose 5 = c, 5*j - c + o*c - 65 = 0. What are the prime factors of w(j)?
2, 3
Let x be 7/5 - (-12)/20. Suppose -4 = x*j - 3*j. What are the prime factors of j?
2
Suppose 0 = -2*c - 0*g + 5*g + 71, 0 = 5*c + 2*g - 192. What are the prime factors of c?
2, 19
Let c(o) = 4*o - 14. List the prime factors of c(6).
2, 5
Let z(t) = t - 7. Suppose 2*u = 2*m + 3*m + 28, 0 = -3*u + 3*m + 33. Let v be z(u). Suppose v*l + 5 = 21. List the prime factors of l.
2
Let b = 6 - 11. Let i = 10 + 1. Let v = b + i. What are the prime factors of v?
2, 3
Let i(o) = 3*o**2 - 5*o + 6. Let s be i(5). Suppose -m + s = 3*m. List the prime factors of m.
2, 7
Let c(l) = -2*l - 2. Let g be c(-3). Let d = 11 + g. What are the prime factors of d?
3, 5
Suppose 0 = 3*u - r + 5*r - 300, 4*u + 5*r - 401 = 0. List the prime factors of u.
2, 13
Let t be (-1 - -1)/(1 + 1). Suppose t = -0*m - 5*m + 85. List the prime factors of m.
17
Suppose l - 4 = -0*l. What are the prime factors of 1*(l + -1) + 36?
3, 13
Suppose 2*b + 57 = -1. Let l = -21 - b. What are the prime factors of l?
2
Let w(g) = 5*g - 4*g + 4 - 6. Let u = -3 + 10. List the prime factors of w(u).
5
Suppose -3*a - 11 = -2. Let o = a + 6. List the prime factors of o.
3
Let t be (4/(-3))/((-6)/9). Suppose -g + 9 = t*g. What are the prime factors of g?
3
Let z(i) = 4*i**2 + 4*i + 3. What are the prime factors of z(-6)?
3, 41
Let j = 18 - 13. Suppose -j*c + 139 = 3*n, 0 = -2*c - 5*n + 65 + 2. List the prime factors of c.
2, 13
Let s = -22 + 73. List the prime factors of s.
3, 17
Suppose 2*r - 8 = -2*r. Suppose -69 = -s - r*s - 3*n, -5*n + 25 = 0. List the prime factors of s.
2, 3
Let q(h) = -h**3 + 4*h**2 - 3*h. Let n be q(3). Suppose n = 3*r - r - 16. Suppose 2*x - r = 28. List the prime factors of x.
2, 3
Let b(z) be the third derivative of 0 + z**2 - 1/24*z**4 + 0*z + 1/6*z**3. List the prime factors of b(-8).
3
Let h(u) = 9*u**2 + u + 4. What are the prime factors of h(-3)?
2, 41
Suppose p = -3*f - 3, 3*p + 6 = -f + p. Let q = 51 - 26. Suppose 2*g - q - 3 = f. What are the prime factors of g?
2, 7
Suppose -l + 92 = 28. What are the prime factors of l?
2
Let a(j) = 2*j - 1. Let y be a(2). Suppose -4 = q, 0 = y*i + i + 2*q + 132. Let n = i - -45. List the prime factors of n.